ite number?
False
Is 1260586919 composite?
True
Is 212370601 prime?
False
Is 20338816501 prime?
True
Is 1297630109 composite?
False
Is 2672928319 a prime number?
True
Is 3217138399 composite?
False
Is 5685647273 prime?
True
Is 912327509 a prime number?
True
Is 932158618 a composite number?
True
Is 65935350991 a prime number?
False
Is 3442216753 a composite number?
True
Is 108415357 a composite number?
True
Is 17777887091 a prime number?
True
Is 326790599 composite?
True
Is 33417416369 a prime number?
False
Is 12701350249 a composite number?
True
Is 8145540094 a prime number?
False
Is 1705616929 a composite number?
False
Is 11730827 a composite number?
True
Is 360594677 a composite number?
True
Is 1901647181 a prime number?
False
Is 5797379929 prime?
False
Is 194878561 prime?
False
Is 9659420467 a composite number?
False
Is 765663839 prime?
True
Is 346491907 a composite number?
True
Is 660699911 composite?
True
Is 87609109619 a composite number?
False
Is 19502442227 a prime number?
True
Is 591554837 a composite number?
True
Is 22944724879 prime?
False
Is 224835137 a prime number?
True
Is 1722172643 composite?
True
Is 9665161721 prime?
False
Is 2627966819 a prime number?
True
Is 2409661666 a prime number?
False
Is 1973897311 prime?
False
Is 145352561 a composite number?
True
Is 19907368267 prime?
True
Is 14240685939 a composite number?
True
Is 48140270617 composite?
False
Is 118898096071 prime?
False
Is 822161017 a prime number?
False
Is 37026324641 prime?
True
Is 2978249497 a prime number?
True
Is 28955657 a composite number?
False
Is 29519213389 prime?
False
Is 28735213 prime?
False
Is 35645557937 prime?
False
Is 111420061279 a prime number?
True
Is 143223527 prime?
False
Is 492458507 prime?
True
Is 4086741109 composite?
True
Is 42142866373 prime?
True
Is 2425429351 prime?
False
Is 99559417 a prime number?
False
Is 16677801427 a composite number?
True
Is 2971369913 composite?
True
Is 14276006879 a prime number?
True
Is 8625179509 a composite number?
True
Is 32096132767 a prime number?
False
Is 49153598201 a composite number?
True
Is 3863302601 a prime number?
False
Is 2002606801 a composite number?
True
Is 9784169 a composite number?
True
Is 2079785507 prime?
False
Is 4417269559 composite?
False
Is 108445639 prime?
True
Is 2739002065 a prime number?
False
Is 5894565181 composite?
False
Is 22559607697 a composite number?
True
Is 1763192623 composite?
False
Is 8659680209 a prime number?
True
Is 5937187829 a composite number?
True
Is 29236012171 prime?
False
Is 8998109 composite?
False
Is 1774012627 a prime number?
True
Is 4823078051 prime?
False
Is 2831114471 composite?
True
Is 21840839899 composite?
False
Is 811859239 prime?
False
Is 26967867167 prime?
False
Is 378612431 a prime number?
True
Is 33773839 a prime number?
False
Is 13969769981 a composite number?
False
Is 24307825063 composite?
False
Is 20548767131 a prime number?
True
Is 3892987093 a prime number?
True
Is 936717557 a prime number?
True
Is 1267611281 a prime number?
True
Is 188502849553 a prime number?
True
Is 383240089277 composite?
False
Is 3954573829 prime?
False
Is 69210529 a prime number?
False
Is 151559536213 prime?
True
Is 6134757817 composite?
True
Is 46214559623 a composite number?
True
Is 6121780837 a prime number?
True
Is 4869998621 a prime number?
False
Is 72614364265 prime?
False
Is 1884708391 prime?
True
Is 1764061439 composite?
True
Is 1117169187 prime?
False
Is 5300977777 composite?
False
Is 1844418707 a composite number?
False
Is 3165398267 composite?
False
Is 1949253461 prime?
True
Is 3668367481 prime?
True
Is 750446989 a prime number?
True
Is 28504105687 prime?
True
Is 15710717 prime?
False
Is 144494711 a prime number?
True
Is 18333687937 prime?
True
Is 15316492619 prime?
True
Is 3743654753 a composite number?
False
Is 16416567766 a composite number?
True
Is 7393296343 composite?
False
Is 3572903527 composite?
False
Is 559930957 prime?
True
Is 29702442241 a composite number?
False
Is 21588316753 a prime number?
False
Is 146153110163 composite?
False
Is 4400909503 a composite number?
True
Is 16869196297 prime?
True
Is 6512065927 composite?
False
Is 3920843309 composite?
False
Is 6109278419 composite?
False
Is 82083415279 prime?
False
Is 194985323 a composite number?
True
Is 7194809983 a composite number?
False
Is 127114799 composite?
True
Is 2809802671 a prime number?
False
Is 144268961 a composite number?
False
Is 12427716241 composite?
False
Is 3022684739 composite?
False
Is 1340040035 prime?
False
Is 20980200869 composite?
False
Is 1619731103 a prime number?
True
Is 6041251473 composite?
True
Is 622994447 composite?
True
Is 202435969 composite?
True
Is 8478996749 a prime number?
False
Is 2458404079 composite?
True
Is 34267536529 a prime number?
False
Is 15881166167 composite?
False
Is 155183929 prime?
False
Is 148512255871 prime?
False
Is 39966325891 a prime number?
True
Is 1281614129 a prime number?
False
Is 104351923607 composite?
True
Is 5187274223 a prime number?
False
Is 46609549907 prime?
True
Is 361734389 composite?
True
Is 691317553 a composite number?
False
Is 13342264289 prime?
True
Is 78609126251 a composite number?
True
Is 823424569 a composite number?
True
Is 873329411 prime?
False
Is 188603407 a composite number?
False
Is 14143198717 prime?
True
Is 72248739677 a composite number?
True
Is 19118818958 composite?
True
Is 301761181 composite?
False
Is 25079568351 prime?
False
Is 53108847223 prime?
True
Is 252984827 a composite number?
True
Is 171596598709 a composite number?
True
Is 122197057363 a prime number?
False
Is 935107441 a composite number?
True
Is 318573181 composite?
True
Is 793765783 prime?
True
Is 12831950201 a prime number?
False
Is 346725017 a composite number?
False
Is 39889757093 prime?
False
Is 482685773 composite?
True
Is 2610326233 a prime number?
True
Is 8046027331 composite?
True
Is 44009436847 a composite number?
True
Is 15984829759 composite?
False
Is 10411684145 a composite number?
True
Is 18489455707 composite?
False
Is 11629289 composite?
True
Is 26536320233 composite?
False
Is 26477343647 a prime number?
False
Is 111340984877 a prime number?
False
Is 151961763587 composite?
False
Is 998300207 a composite number?
False
Is 618550481479 a prime number?
False
Is 415058731 a prime number?
True
Is 1692107741 a prime number?
False
Is 359323519 a prime number?
True
Is 97853879 prime?
True
Is 1240083473 composite?
True
Is 83135599 composite?
False
Is 1510699789 a prime number?
True
Is 251441581 prime?
True
Is 2629955683 a prime number?
False
Is 98228129 prime?
True
Is 15291064051 prime?
True
Is 744354929 a prime number?
False
Is 242943979 a composite number?
True
Is 768608839 prime?
True
Is 26559420187 prime?
True
Is 1697843621 a composite number?
True
Is 10500432577 composite?
False
Is 1907779183 composite?
True
Is 8206597771 composite?
False
Is 5476310519 a prime number?
True
Is 5340571 a composite number?
False
Is 6485543767 a prime number?
True
Is 1284152747 prime?
False
Is 1124073049 prime?
False
Is 232941220607 a composite number?
True
Is 1589062634 a composite number?
True
Is 88451513 a composite number?
False
Is 95929841017 prime?
True
Is 5504413387 a composite number?
True
Is 528877 prime?
True
Is 2157155953 prime?
True
Is 4396060511 prime?
False
Is 198527488795 prime?
False
Is 1567792183 prime?
True
Is 75851670209 a prime number?
False
Is 2242088869 composite?
False
Is 3532239839 prime?
False
Is 48337451983 a composite number?
False
Is 6028603919 a composite number?
True
Is 6689722399 a prime number?
False
Is 1295107493 prime?
True
Is 742364021 prime?
False
Is 172320749 composite?
True
Is 12591491021 a composite number?
False
Is 2975672447 composite?
True
Is 5648084329 a composite number?
True
Is 220021379 a composite number?
True
Is 4135904411 prime?
True
Is 74074258723 a prime number?
True
Is 1504863781 a composite number?
False
Is 163582193393 a composite number?
False
Is 19890432011 a prime number?
True
Is 17832634987 prime?
True
Is 563340881 a composite number?
True
Is 29304675167 composite?
True
Is 36903073474 composite?
True
Is 18780856277 prime?
True
Is 731341073 composite?
True
Is 48181926179 a composite number?
False
Is 11204757709 a composite number?
True
Is 827464607 a composite number?
False
Is 662081113 